er when z(2) is divided by 17?
3
Let g = 9 + -5. Let l be -60*(-1)/(-1)*-1. Suppose -2*n + v = 2*v - 25, 4*n = -g*v + l. Calculate the remainder when 27 is divided by n.
7
Let w(y) = y + 6. Let g = -10 - -4. Let h be w(g). Suppose -q - q + 12 = h. Calculate the remainder when 10 is divided by q.
4
Suppose 0 = -4*h - 16, 15*r - 11*r + 3*h - 128 = 0. Let p be 18/8 - (-3)/(-12). Let t = p + 17. What is the remainder when r is divided by t?
16
Let u(w) = -3*w + 28. Let z(r) = 9*r - 85. Let g(y) = 17*u(y) + 6*z(y). Let b be 15*((-1 - 2) + 4). What is the remainder when 41 is divided by g(b)?
8
Suppose 0 = 2*t - 6*t - 5*m + 23, 5*m = 5*t + 5. Suppose t*g + 97 = 3*i, -6*g + g = i - 38. Calculate the remainder when i is divided by 12.
9
Suppose 2*w + 295 = j - 0*w, 2*j - 581 = w. What is the remainder when j is divided by 72?
1
Let n(a) = 1. Let i(m) = 2*m + 5. Let y(j) = i(j) - 6*n(j). Let c be y(-7). What is the remainder when 27 is divided by c/(-3*1/3)?
12
Suppose 143*s - 138*s - 80 = 0. What is the remainder when 47 is divided by s?
15
Let n = 63 - 78. Let a(m) = -5*m - 19. What is the remainder when a(n) is divided by 30?
26
Suppose -o = 3*o + 20. Let y = o + 63. What is the remainder when y is divided by 2/8 - 177/(-12)?
13
Suppose 5*o - 3 = 17. Let u(n) = 4*n + 31. Let z(w) = -1. Let j(t) = o*z(t) + u(t). Calculate the remainder when 79 is divided by j(0).
25
Let b = -95 + 137. Let z = b - 35. What is the remainder when z is divided by 3?
1
Let z be 2/2 + 14 + 25. Calculate the remainder when 138 is divided by (32/z)/(3/105).
26
Calculate the remainder when 11 is divided by ((-51)/136)/(-1*(-4)/(-32)).
2
Let a = -47 - -56. Let z = -18 + 32. What is the remainder when z is divided by a?
5
Let y be (-30)/(-7) + (-4)/14. Suppose 5*c + 2*f = 46, y*f = -c - f. Let j = -32 - -49. Calculate the remainder when j is divided by c.
7
Let c(b) = -b + 11. Suppose -4*j - 52 = 4*g, -4*g + 7 = -3*g - 4*j. Calculate the remainder when 36 is divided by c(g).
16
Suppose -2*z - 135 = -3*g - 7*z, 5*g - 225 = -5*z. Let p = -14 - -18. Suppose 2*c - 144 = -p*c. Calculate the remainder when g is divided by c.
21
Suppose 3*k - 5*y - 678 = 0, y - 927 = -34*k + 30*k. What is the remainder when k is divided by 18?
15
Suppose -20*c = -24*c. Suppose c = 4*u - 290 + 58. Calculate the remainder when u is divided by 30.
28
Suppose 2*l = -4 + 68. What is the remainder when l is divided by 153/21 + (-14)/(-245)*-5?
4
Let r(n) = -3*n - 120. What is the remainder when 141 is divided by r(-46)?
15
Let b(c) = c**2 + 11*c - 19. Let r be b(-13). Suppose -r*g + 93 = f - 5*g, g = -f + 95. Calculate the remainder when f is divided by 11.
9
Let p(r) = 9*r**2 + r - 1. Suppose 4*g - 112 + 28 = 3*l, 0 = -5*g + l + 105. What is the remainder when p(2) is divided by g?
16
Let t(c) = 3*c - 1. Let f be t(2). Suppose u + 20 = -4*u, -3*u - 387 = -f*s. Suppose m + 4*m = s. Calculate the remainder when 28 is divided by m.
13
Let y = 87 - 56. Calculate the remainder when 113 is divided by y.
20
Suppose -5*w - a = -10*w + 2711, 4*w - 2192 = -5*a. Calculate the remainder when w is divided by 91.
88
Suppose -3*t = -0*n - 2*n + 64, -5*n - t = -177. Calculate the remainder when n is divided by 14.
7
Suppose 0 = 2*q + 2*n + 4, 3*q - 2*q + 5*n + 22 = 0. Let a(s) = 7 + s**3 + q + 4*s - 4*s. Calculate the remainder when 37 is divided by a(0).
7
Suppose 3*d = 5*d. Suppose d*t - 14 = 2*t. Let p = t - -10. Calculate the remainder when 7 is divided by p.
1
Suppose 6*j - 3*j = 282. Suppose a - 10 - j = 5*y, 4*y + 4*a = -64. Calculate the remainder when (-6)/(-15) + (-452)/y is divided by 12.
11
Suppose d + 3*c + 16 = 3*d, 0 = 2*d + 5*c. Suppose 0 = -d*f - f + 222. What is the remainder when f is divided by 20?
17
Suppose n + 5*i - 38 = 0, 2*i - 6*i = -n + 11. Calculate the remainder when n is divided by 11.
1
Let o = -56 + 31. Let i = -16 - o. Calculate the remainder when 16 is divided by i.
7
Let m = 29 - 27. Suppose y - 74 = -4*d, -5*y - m*d = -513 + 71. Suppose n = 4*n - y. Calculate the remainder when 88 is divided by n.
28
Calculate the remainder when 132/1254 + 1/((-19)/(-1290)) is divided by 52.
16
What is the remainder when 106 is divided by ((-20)/20)/((-2)/56)?
22
Let c be (-2)/4 - (-1 - 338/4). Suppose -g + c - 35 = 0. Suppose -4*v = -45 - 59. What is the remainder when g is divided by v?
24
Suppose 3*i = -0*k + 2*k - 34, -2*i - 60 = -4*k. Suppose 7*x = k*x - 119. What is the remainder when x is divided by (0 + 2)*(-1 - -4)?
5
Let t = 111 - 113. Suppose -3*f + 3*r - 87 = -4*f, -3*r = -4*f + 423. What is the remainder when f is divided by 27 + -1 + (-2 - t)?
24
Suppose -5*r - 3*m + 639 = 0, 0 = 4*r - 3*m - 601 + 106. What is the remainder when r is divided by 44?
38
Suppose 2*k = 35*c - 31*c - 3292, c - 826 = -k. What is the remainder when c is divided by 205?
4
Let t = -63 - -68. Suppose 4*f - 2*u - 157 = -u, u + 197 = t*f. Calculate the remainder when f is divided by 18.
4
Let f = -151 - -188. Calculate the remainder when 478 is divided by f.
34
Let m(b) = b**3 - 27*b**2 + 29*b - 61. What is the remainder when m(26) is divided by 10?
7
Let w(n) = -1 + n - 1 - 5*n**2 + 14*n**2. Let i = -553 + 566. Calculate the remainder when w(2) is divided by i.
10
Suppose -4*z + 436 = -5*j, 317 = 3*z - 2*j - 17. What is the remainder when z is divided by 51?
12
Let l = -34 - -36. Suppose -5*h + 113 = -3*w, -4*h + 39 = -l*h + 5*w. What is the remainder when 86 is divided by h?
20
Let t(u) = -u**3 - 23*u**2 - 2*u - 38. Let w be t(-23). Suppose -w*p = -5*p - 147. What is the remainder when p is divided by 13?
10
Let y(q) = 14*q - 40. Let l(h) = 2*h**2 - 8*h + 7. What is the remainder when y(5) is divided by l(5)?
13
Let o = -559 + 614. What is the remainder when 1812 is divided by o?
52
Suppose -28*s = 590 - 1710. What is the remainder when s is divided by 37?
3
Suppose -1077*h + 140 = -1075*h. What is the remainder when 72 is divided by h?
2
Suppose -9*s + 40*s = 1085. Calculate the remainder when 119 is divided by s.
14
Suppose -3*m + 3*z + 39 = 0, 0 = m - 2*z - z - 11. Let j(k) = 2*k**2 - 11*k - 7. Let i be j(9). What is the remainder when i - (-3*4)/(-4) is divided by m?
11
Calculate the remainder when 351 is divided by (15/25)/(12/2360).
115
Suppose -4*m + 42 = -x + 105, 0 = 2*x - 2*m - 114. Let r = 567 + -537. Calculate the remainder when x is divided by r.
25
Suppose 27*f - 28*f = -70. Let j = f + -52. Calculate the remainder when 50 is divided by j.
14
Let z = 1326 - 1290. Calculate the remainder when z is divided by 27.
9
Suppose 0 = -4*u + 3*u + 70. Suppose -22*g - u = -27*g. Calculate the remainder when 69 is divided by g.
13
Suppose 7 + 10 = 17*d. Calculate the remainder when (d + 3)/((-865)/175 - -5) is divided by 25.
20
Suppose 0 = -22*j + 6387 - 1921. Calculate the remainder when j is divided by 15.
8
Let b = 771 - 505. Let t = b + -187. What is the remainder when t is divided by 20?
19
Suppose -8*i + 126 + 98 = 0. Let b = 185 + -103. Calculate the remainder when b is divided by i.
26
Suppose 3 = -d + 10. Let y = -10 + d. What is the remainder when 3 is divided by (-3)/((2 + -1)*y)?
0
Suppose 0 = -10*y + 5*y + 60. Let d = -16 - -50. Calculate the remainder when d is divided by y.
10
Let t(g) = -g**3 - 8*g**2 - 7*g + 7. Let k be t(-7). Suppose -k*a + 255 = -2*a. Calculate the remainder when a is divided by 8.
3
Suppose 3*c = 9, 2*f + 0 = -3*c + 19. Suppose -f*s - 31 = -91. Suppose 3*n - 59 = -3*h + 5*n, 0 = h + n - 18. Calculate the remainder when h is divided by s.
7
Suppose 14*g - 10*g - 16 = 0, 5*r + g - 224 = 0. Suppose -2*z + a - 1 = -50, 5*z + 2*a - 109 = 0. What is the remainder when r is divided by z?
21
Let j(g) = -g + 19. Let v = 21 + -19. Suppose c - v*c + 12 = 0. What is the remainder when j(c) is divided by 4?
3
Let h(m) = 27*m**2 - m - 1. Let o be (2 - (-1 + 3)) + -1. Let r be h(o). Calculate the remainder when 52 is divided by (-6)/r - 492/(-27).
16
Let g(w) = w**3 - 4*w**2 - 9*w - 40. Calculate the remainder when 72 is divided by g(7).
28
Suppose 16*t + 156 = 508. What is the remainder when 42 is divided by t?
20
Calculate the remainder when 459/(-102)*(-152)/6 is divided by 53.
8
Suppose 3*d + 0*d = -5*g + 18, -5*g = 2*d - 12. Let x(h) = 3*h**2 + 308*h + 507. What is the remainder whe